. Is ((-21)/6)/(j/(-6)) composite?
False
Suppose 0 = -11*c + 17*c - 12. Suppose 0 = 4*u + p - c*p - 1926, -4*p = -u + 489. Is u prime?
False
Let m be 863 - (5 + -1 + -1). Suppose -5*x + 629 = 2*l + 199, -4*l - x + m = 0. Is l a prime number?
False
Suppose -4*h + 6 + 22 = 0. Let g(d) = d**3 - 6*d**2 - 7*d + 1. Let r be g(h). Is (392 - 9)*(0 + r) composite?
False
Suppose -1 = -3*q - 4. Let p be (0 - -10)/(q - 0). Is (55/p)/(4/(-104)) a prime number?
False
Suppose 1 = 6*v - 11. Let h be (8/12)/(v/6). Suppose 0 = -h*d + 8*d - 2454. Is d prime?
True
Let b(o) = 4494*o**2 - 29*o - 74. Is b(-3) prime?
True
Let x(l) = 32*l**2 - 7*l + 2. Let b be x(-5). Let s(v) = -38*v**2 + 6*v - 2. Let h be s(4). Let f = h + b. Is f a composite number?
False
Let j be 2/3 + (-60)/(-18). Let g(q) be the first derivative of 2*q**4 - 5*q**3/3 + 2*q**2 - 5*q - 3. Is g(j) prime?
True
Let h be 10/(-3)*12/(-10). Let s be (-4 + h - -2) + 257. Suppose w - s = -2. Is w a composite number?
False
Let j(h) = -h**3 - 3*h**2 + 5*h + 6. Let b be j(-4). Let a be (-3)/3*(-3 - b). Suppose -421 = -m - 2*g - 2*g, -a*m = 4*g - 2073. Is m a composite number?
True
Let s be 6/(-15) - (-22)/5. Suppose s*p + 5*l - 2*l = 186, l - 190 = -4*p. Let g = p + 110. Is g composite?
True
Let s = 4986 + 1172. Is s prime?
False
Let k(d) = -107*d**2 + 4*d. Let a be k(2). Let t = a - -746. Is t prime?
False
Let w = -1653 - -6242. Is w composite?
True
Let f(d) = 13*d**2 + 26*d - 25. Is f(-11) composite?
True
Suppose 0 = -4*u + 14 - 6. Is 3 + 496 + u + 2 prime?
True
Let k(o) = -2216*o - 42. Is k(-1) a prime number?
False
Let a(m) = 38*m**2 + 8*m + 13. Is a(7) a composite number?
False
Suppose 2*t = v - 9685, -36771 - 11639 = -5*v - 5*t. Is v a composite number?
True
Suppose -58638 = 572*y - 578*y. Is y a composite number?
True
Let v = -8824 + 14411. Is v prime?
False
Let t(k) = k**2 + 4*k + 10. Suppose 2*j - 6 = 0, 4*h + 39 = -4*j - 1. Is t(h) a prime number?
True
Let z = 2130 + -1278. Suppose z = n - 175. Is n prime?
False
Suppose -2 = -3*k + 85. Let w = k + -30. Is 2 - (w - -355)/(-2) prime?
True
Let f = 20 - 17. Suppose 4*m - 17 = -2*u + f*m, -21 = -u - 3*m. Is 199 + (-6)/(-9)*u prime?
False
Let v = -23 + 20. Let p(k) = 160*k**2 + 12*k + 5. Is p(v) a prime number?
True
Let y(j) = 61*j - 6. Let z be y(4). Let s = 93 + z. Is s composite?
False
Is (7/3 + -2)*4308330/130 a composite number?
False
Suppose 0 = g + 6*g - 10164. Let m = g - 665. Is m composite?
False
Let a(b) = 80*b**2 - 1 + 2*b**2 + 2*b + 78*b**2. Let s be a(3). Let q = s + -1026. Is q prime?
True
Let g = -39 - -235. Is -3*(3 - g/6) a composite number?
False
Let r(t) = 7*t**3 - 10*t**2 - 14*t + 18. Let q(j) = 6*j**3 - 11*j**2 - 13*j + 17. Let a(i) = 5*q(i) - 4*r(i). Is a(11) composite?
False
Let q(v) = -514*v + 65. Is q(-6) composite?
True
Is (27/(-81))/((-1)/9327) a prime number?
True
Let l(d) = -8*d**3 + 13*d**2 + d - 1. Is l(-12) a prime number?
True
Let d(m) = m**2 - 10*m - 7. Let v be d(7). Let u = v - -59. Is u composite?
False
Let h = -285 - -868. Is h composite?
True
Suppose 0 = 3*d + 2*m - 1163, 3*m + 1184 + 767 = 5*d. Is d prime?
True
Let i = 101 - 65. Suppose 0 = -4*f - s + 31, i - 13 = 5*f - 4*s. Is f prime?
True
Suppose -2*j + 48 = 16. Let z(g) = g**2 - 9. Is z(j) a prime number?
False
Suppose 3*z + o + 909 = 3743, z + 3*o - 942 = 0. Suppose -q = -3*q + 10. Suppose 7*w + q*d = 2*w + z, -2*d - 744 = -4*w. Is w prime?
False
Let k(v) = 55*v - 12. Let h(n) = -n - 1. Let i(r) = -2*h(r) - k(r). Is i(-11) prime?
False
Let t be (-24)/(-84) + (-271)/(-7). Suppose -3*m = -3*i, 2*m - 20 - 1 = -5*i. Suppose t = -i*x + 420. Is x prime?
True
Let t = -3233 - -1044. Let x = -840 - t. Is x a composite number?
True
Let h = 107 - 107. Is -1 - 58*(-2 + h) prime?
False
Let y(d) = 4*d**3 + 43*d**2 - 5*d + 5. Is y(15) a prime number?
False
Suppose 138937 = 34*q + 8207. Is q prime?
False
Let q(t) be the third derivative of -t**6/120 - 3*t**5/10 - t**4/24 + 13*t**3/2 - 39*t**2. Is q(-19) a composite number?
False
Suppose 2*m = -1 + 15. Is 99 + 7/(m/(-2)) composite?
False
Let v be (7 - 3)*(-6081)/(-12). Let i = v - 1440. Is i a prime number?
True
Suppose -4*s = -3*m + 2*m + 21, 0 = -2*s - 10. Let d(h) = -2*h**3 + 4*h**2 + 4*h - 1. Let w(i) = i**2 - 1. Let t(l) = m*d(l) - 5*w(l). Is t(-5) prime?
False
Is 306000/35 - (2 - (-15)/(-7)) a composite number?
True
Let i be 15*((2 - 0) + 4). Suppose -2*d - m + 70 = -122, d + 2*m = i. Suppose 0 = 5*v - d - 5967. Is v prime?
True
Suppose 2*j + 6100 = 5*p, 2292 = 4*p - 4*j - 2600. Suppose 6*a - 5*a = -5*y + 1537, -p = -4*y + 5*a. Is y prime?
True
Let x(t) = -t**2 + 13*t + 15. Let v be ((-3)/(-1) + 2)/(-1). Let p be 56/4 - (-2 - v). Is x(p) a prime number?
True
Suppose 22 = 4*s - 5*u, 2 = -5*s + 5*u + 27. Suppose -s*z = -2*z - 3. Suppose 5*t + 3*d = 818, -7*t = -z*t + 2*d - 654. Is t a composite number?
False
Let m(u) = u - 14. Let c be m(13). Let f be 0 - (c + 1 - -4). Is f + -2*766/(-4) a prime number?
True
Let q = -66 + 68. Suppose q*x + 5*j - 2312 = 0, 5*j = x + 4*x - 5745. Is x a composite number?
False
Suppose 6*z - 4437 = 5925. Is z prime?
False
Is 8/3 + 274260/36 a composite number?
False
Suppose 5*w + 20385 = 5*j, 3*j - 66*w + 69*w = 12207. Is j prime?
True
Let l(j) = -2*j**3 + 22*j**2 - 7*j - 9. Let r be l(15). Let z = 45 - r. Is z a composite number?
True
Let f be ((-12)/(-3))/((-4)/(-24)*3). Let q(v) = -v**2 - 5 + v**3 + 3*v**2 - 7*v**2 + 10*v. Is q(f) a composite number?
True
Let i(l) = -14*l - 5. Let r(k) = -k. Let u(z) = i(z) + 6*r(z). Suppose -5*g + 7 = 22. Is u(g) prime?
False
Suppose 40*z = 69130 + 152110. Is z composite?
False
Let j(y) = y**2 + 43*y + 61. Is j(54) a composite number?
True
Suppose 0 = 4*u - h - 6 - 10, u + 17 = -5*h. Suppose -u*j + 3702 = -171. Is j a prime number?
True
Suppose -16 = -2*p - 3*v, 0 = -2*p - 5*v + 5 + 19. Is ((-2 - 413) + p)/(-1) a composite number?
True
Suppose 84*v - 15470 = 2765518. Is v prime?
True
Let q be 0*2*(-3)/(-12). Suppose q*r + 1146 = 2*r. Is r prime?
False
Let f = -9 + 8. Is -4227*((-16)/12 - 1/f) prime?
True
Let w = -15090 + 27533. Is w a prime number?
False
Let k(q) = 23*q**2 - 32*q + 44. Is k(27) a composite number?
True
Let l(z) = 979*z**3 - 3*z + 3. Is l(1) composite?
True
Suppose -5*v = 4*f - 136, -2*v + 2*f - 7*f = -68. Suppose v*u - 23*u - 307 = 0. Is u a prime number?
True
Suppose 9*d - 7*d = 0. Suppose -6*f + 2*f + 3*t + 223 = d, 3*t - 183 = -3*f. Is f prime?
False
Suppose -6596 = -5*z + l - 846, 5*l = 25. Is z a prime number?
True
Let i be (1 - 2/6)*-12. Let r = -57 - -203. Is (-1 + i/(-4))*r a composite number?
True
Let j(r) = 205*r**2 + 12*r + 21. Is j(-8) prime?
False
Let m(r) = -r**2 - 4*r + 19. Let x be m(-8). Let u = x + 92. Is u a composite number?
False
Let j = -32 + 4. Let f = j + 31. Suppose f*s = -5*x + 131 + 1266, -4*s + 4*x = -1884. Is s composite?
True
Let v(n) = n**2 - 6*n - 9. Let s be v(-11). Suppose j + 9 = 2*d, 6*d - 3*d + j = 16. Suppose -4617 = -d*g + s. Is g a prime number?
False
Is (52944 - -1) + (-1 - -6) + 1 a composite number?
False
Let v = 5943 + 11864. Is v a prime number?
True
Let f = -27 + 28. Suppose 2*d - f + 83 = 0. Is (-2)/1 - d - 2 prime?
True
Let l = -121 + 148. Let c = 126 - -59. Suppose -l = -4*h + c. Is h a prime number?
True
Suppose 2*j = 2*y + 3370, 2*y + j + 3364 = -3*j. Let c = 3149 + y. Is ((-2)/(-2))/(5/c) a prime number?
True
Let z(q) = -36*q. Let a be z(5). Suppose -11*f = -26*f + 2505. Let m = f - a. Is m prime?
True
Suppose 5*m = 10, -4*m - 1402 = -2*f + 5*f. Let x = f + 721. Is x composite?
False
Let h = -12 - -15. Let y = 9 + h. Is (8/y)/((-4)/(-2370)) composite?
True
Let s(i) = -10*i + 42. Let d be s(4). Suppose g + 419 - 2002 = 3*q, -3151 = -d*g + q. Is g prime?
False
Suppose 3*n - 5*q = 84543, -2*n + 3*q + 80748 = 24386. Is n a composite number?
False
Suppose 0 = 5*y - 4*n - 14, -2*y = -6*y + 4*n + 8. Let j = y - 6. Suppose w - 191 = 5*a - a, -5*w + a + 1050 = j. Is w a prime number?
True
Let w(y) = 4*y + 32069. Is w(0) composite?
False
Let q(w) = -w + 1. Let r(z) = -23*z + 4. Let b(n) = -2*q(n) - r(n). Is b(9) a composite number?
True
Let u = 13090 + -2347. Is u composite?
True
Let r(t) = -2*t + 10. Let x be r(7). Let f = 7 + x. Suppose 0 = -f*z + 2*n + 603, 2*z - 1005 = -3*z - n. Is z compo